t h(i) = d*i - 5*i + 2*i + i**2 + i + 4. What is h(-4)?
8
Let r(l) = 4*l + 3*l - 5*l**2 + 4*l**2 + 5 + 2*l**2. Suppose -12 = 5*p - 2*p. Give r(p).
-7
Let a = 23 - 20. Suppose -5*t + 2*p + 20 = -a*p, 8 = 3*t - p. Let o(k) = 7*k + 2 - k**t + 9*k - 19*k. Calculate o(-3).
2
Suppose 0*u + 4*u + 4*d = 0, 0 = -4*d - 8. Suppose 20 = u*c + 10. Let h(v) = -v**2 + 7*v - 2. What is h(c)?
8
Suppose -378 = -7*f + 441. Let b = 114 - f. Let w(o) = -6*o - 1. Give w(b).
17
Let g(k) = 3 + 3*k - 4 - 2*k - 4. Let b(u) = 5*u**2 - 2*u. Let o(t) = -t**3 + t**2 + t + 1. Let h(d) = -b(d) - o(d). Let v be h(6). Calculate g(v).
0
Let w(r) be the third derivative of r**5/60 + 5*r**4/12 + r**3 - r**2 + 4*r. Give w(-10).
6
Let v(a) be the first derivative of -a**3/3 - 15*a**2/2 - 7*a + 205. Determine v(-6).
47
Suppose -5 = f - 9. Suppose -2*m + 2*q = -18, m = -f*m - 5*q - 5. Let y(l) = -2*l - 2*l - 3 + 2*l + l. Calculate y(m).
-7
Let g(i) = 11*i**2 + 21*i + 9. Let j = 69 - 60. Let d(w) = 5*w**2 + 10*w + 4. Let o(k) = j*d(k) - 4*g(k). Determine o(-5).
-5
Let x(g) be the third derivative of -g**4/24 - 5*g**3/6 - 101*g**2. What is x(5)?
-10
Suppose -u - 3*c = -5, 4*u + 2 = c - 17. Let n(i) = -2*i - 2. What is n(u)?
6
Let u(x) be the first derivative of -3*x**2 - 1 + 4 + 3 + x + 1. Let v be u(-1). Let g(z) = -z**3 + 7*z**2 + 6. What is g(v)?
6
Let y = 46 - 44. Suppose 4*d = 5*g - 45, 0 = y*d + g + g. Let a(i) = i**2 + 11*i + 5. Give a(d).
-25
Suppose -23*s = -3*p - 28*s - 4, -5*p + s - 44 = 0. Let r(t) = -t - 9. Determine r(p).
-1
Let y(h) = -7*h - 9. Suppose v = -2*v - 33. Let r(o) = 4*o + 5. Let q(t) = v*r(t) - 6*y(t). Calculate q(-2).
3
Let d(j) = j**2 + 8*j - 5. Let v(q) be the second derivative of q**4/12 - 3*q**3/2 - 7*q**2/2 + 12*q. Let o be v(9). Calculate d(o).
-12
Let g(l) = -l**3 - 7*l**2 + 2*l + 14. Suppose -96*m = -66*m + 210. Give g(m).
0
Suppose 0 = p - 5 + 3. Let s be (10/(-8))/(p/(-8)). Let j(a) = 5 - 4*a - 4 + 6*a**2 - 6*a**2 - a**3 + s*a**2. Give j(3).
7
Let v = 3 - 6. Let u be -1*38*v/6. Suppose 5*t + 11 = -4*i, -5*i + 5*t = 6 + u. Let x(h) = h**2 + 2*h - 5. What is x(i)?
3
Let l(h) = -2*h**2 + h. Let s(k) = -9*k**2 + 10*k + 17. Let p(n) = -4*l(n) + s(n). What is p(7)?
10
Let x(o) be the second derivative of -o**5/20 - 5*o**4/3 - 3*o**3 + 21*o**2/2 + 125*o. What is x(-19)?
2
Suppose 11*d - 30*d = 0. Let s(f) be the second derivative of -f**5/20 - f**4/12 + f**3/6 - 3*f**2 - f. Determine s(d).
-6
Let h = 47 - 46. Let q(o) = h - 7*o + o + 10*o. What is q(-4)?
-15
Let n(g) = -8*g**2 + 29*g + 35. Let l(b) = 3*b**2 - 15*b - 15. Let r(p) = -5*l(p) - 2*n(p). Give r(-16).
-11
Let p(s) be the first derivative of -s**6/360 + s**5/24 + 4*s**3/3 - 4. Let c(w) be the third derivative of p(w). Determine c(3).
6
Let i(n) = 0 - 4*n + n**3 - 6*n - n - 2*n**3 + 1 - 8*n**2. What is i(-6)?
-5
Let h be 10/4*(-2 - -4). Let l(s) = 0 - 4 - 3*s + 5*s - h*s. What is l(-3)?
5
Let k(p) = 14*p**3 - 11*p**2 - 11*p + 31. Let f(j) = 5*j**3 - 4*j**2 - 4*j + 11. Let y(w) = 11*f(w) - 4*k(w). Calculate y(0).
-3
Let r(h) be the second derivative of -h**7/840 + h**6/180 - h**5/60 + 5*h**4/4 + 3*h. Let l(n) be the third derivative of r(n). What is l(2)?
-6
Suppose -4*a + 11 = -1. Suppose -a*s - 5*j - 10 = 0, -4*j - 15 - 9 = 4*s. Let v be (-2)/5 + (-24)/s. Let h(f) = -2*f**2 + 1. What is h(v)?
-7
Let x be -2 - (-1 - 1 - 4). Let u(q) = q**2 + 21*q - 19. Let a be u(-22). Let z(m) = 1 - m**a - 3*m**2 + m - 2*m + 7*m**2. Give z(x).
-3
Let m(o) be the third derivative of -o**4/12 - 10*o**3/3 - 204*o**2. Give m(-9).
-2
Suppose -2 = 2*w - 6. Let o(x) = -20*x + 5. Let l(d) = 5*d - 1. Let p(m) = 9*l(m) + 2*o(m). Determine p(w).
11
Let d be ((0/(-1))/1)/2. Suppose 3*l - 2*x + 12 = d, 0 = 3*x - 5 - 4. Let o be 2 - l/(-4)*2. Let z(n) = 7*n**2 + n - 1. What is z(o)?
7
Let t be 9/6*16/12. Suppose 7 = x + p + 1, -2 = -t*p. Let r(q) = -q - 6 + 2*q + 0*q. Give r(x).
-1
Let s(u) be the first derivative of -1 - 9*u - 1/2*u**2. Suppose 0 = -4*r - 5*q - 23, 9*r = -12*q + 11*q - 62. Calculate s(r).
-2
Let y(z) = -z**3 - 6*z**2 - 6*z - 2. Let f be y(-5). Suppose g = -f*g. Let a(s) = -s + 4*s + s**2 + 12 + g*s - 2*s. Determine a(0).
12
Let d be 2/4 - 4*(-2)/16. Let k(l) = l**3 + 5*l**2 + 5*l - 3. Let y(h) = -h**3 - h**2. Let u(b) = d*k(b) + 2*y(b). Determine u(4).
1
Suppose 0 = 30*a + 8*a - 266. Let m(y) = -y**3 + 7*y**2 + 5*y - 7. Calculate m(a).
28
Let a(v) be the second derivative of v**4/12 - 2*v**3/3 - 7*v**2/2 - 11*v. Let b = -10 + 15. Determine a(b).
-2
Suppose -10*l + 78 = 3*l. Let d(f) = f**3 + 5*f**2 + 8*f + 1. Let b(n) = -6*n**3 - 25*n**2 - 41*n - 6. Let y(v) = 2*b(v) + 11*d(v). Calculate y(l).
-1
Let t(a) = a**3 + 5*a**2 - a - 3. Suppose 3*d + 1392 = 1401. Determine t(d).
66
Suppose -8*x - x = -36. Suppose -5*g + 20 = -j + 3, -2*g - 2 = x*j. Let z(p) = -p**2 + p + 2. Determine z(g).
-4
Let f(r) = -2*r + 6. Let u be f(2). Let n(m) = 0*m + 6*m - 5*m - u*m. Determine n(-2).
2
Let g(a) be the third derivative of -a**4/3 + a**3/6 - a**2. Let c = 2953 - 2951. What is g(c)?
-15
Let q = 232 + -135. Let a(t) = -90*t + q*t + 5 - 2. What is a(-2)?
-11
Let f(x) = 7 - 8*x**2 - 3*x + 9*x**2 - 2*x + 16*x. Calculate f(-7).
-21
Let l(n) = -6*n**3 - 2*n**2 + n + 2. Let x be l(-1). Let w(o) = o**3 - 4*o**2 - 5*o - 5. Calculate w(x).
-5
Let l be (-6)/(-8) + 3*10/120. Let v(b) = 35*b**2 - b + 1. Give v(l).
35
Let w(u) = -u**2 - 3*u - 1. Let g(h) be the first derivative of -2*h**3/3 - 8*h**2 - 4*h - 13. Let j be g(-8). Determine w(j).
-5
Let w(c) = 1 + 9 + 5*c + 393*c**2 + 7*c - 392*c**2. Determine w(-9).
-17
Suppose 7*c = 3*c + 124. Let u(i) = c*i + 35*i - 64*i. What is u(4)?
8
Let y(h) = 3*h**2 - h + 1. Let v(m) = -9*m - 15. Let b be v(-3). Suppose 6*n - b = -0. Calculate y(n).
11
Let u(a) be the second derivative of a**5/10 - a**4/6 - a**3/2 + 3*a**2/2 - 101*a - 2. Let h = 4 - 2. Determine u(h).
5
Let g = 4 - 3. Let d(x) = -13*x + 2. Let y(a) = -168*a + 27. Let o(p) = -27*d(p) + 2*y(p). Give o(g).
15
Let f(m) = -m**2 + m + 2. Let c be 2/(-2) + 130/(-5). Let s = c + 30. Calculate f(s).
-4
Let b(y) = -y**2 - 6*y. Let o(h) = 52*h + 358. Let d be o(-7). Calculate b(d).
0
Let l(h) = -2*h - 147 - 140 + 446 - 143. Give l(5).
6
Let t(g) be the second derivative of -g**3/6 - 13*g**2/2 - 71*g - 1. What is t(-13)?
0
Suppose -4*r + 4*z + 20 = 0, -9*r + 4*z = -6*r - 20. Let a(j) be the second derivative of 1/6*j**3 - j**2 - 9*j - 1/12*j**4 + r. What is a(3)?
-8
Let f(u) be the first derivative of -u**3/3 - 3*u**2/2 + 1. Let z be 5 - 48/(-5) - (-4)/10. Let t be (-30)/(-9)*(-18)/z. What is f(t)?
-4
Let a(c) = 2*c**3 - c**2 + c - 1. Let n(g) = 2*g - 6. Let x be n(9). Suppose 6 = -x*k + 18*k. What is a(k)?
1
Let i(l) be the second derivative of -7*l**4/4 - l**3/6 - 119*l - 1. Calculate i(-1).
-20
Let a(g) = -5*g**3 + g. Let r be (-8)/(-180)*9*(-10)/(-4). Determine a(r).
-4
Suppose -6*m + 8*m + 5*d + 26 = 0, 4*m = 3*d. Let j(p) = -5*p - 5. What is j(m)?
10
Let n(g) = g**3 + g + 1. Let r(f) = -f + 15. Let c be r(5). Let d be 4/c + 98/(-70). Let o be n(d). Let s(u) = -5*u**2 - u - 1. What is s(o)?
-5
Let a(m) be the first derivative of 0*m**2 + 1/120*m**5 + 0*m + 1/6*m**4 - 6 + m**3. Let h(i) be the third derivative of a(i). Calculate h(0).
4
Let b(f) = -f**3 + 8*f**2 - 2*f + 1. Let p be 60/20 + (-1 - 9). Let c be 6/(-9)*(p - 5). Calculate b(c).
-15
Suppose 25 = -2*v + b + 6, -2*v = b + 17. Let h = 11 + v. Suppose 5*z = 2*c - 5 + 23, 0 = -4*z - h*c. Let n(q) = -8*q + 2. Give n(z).
-14
Let s(g) = -2*g**2 - 5*g - 5. Let v(j) = -3*j**2 - 9*j - 9. Let y(f) = 5*s(f) - 3*v(f). Let m = -7 + 9. Let c be ((-5)/15)/(m/(-24)). Determine y(c).
-6
Let t = 2 - 0. Let k(z) = t*z - 10 - 4 + 10. Give k(-4).
-12
Let u(o) = 4*o + 8. Suppose -2*l = 4*j + 16, 8 = -j + 3*l + 4. Calculate u(j).
-8
Let p(l) be the third derivative of 1/6*l**4 - 1/120*l**6 - 1/20*l**5 + 0*l + 0 - 20*l**2 - 2/3*l**3. What is p(-4)?
-4
Let y(f) = 10*f**3 - 4*f + 2. Let g be y(1). Let i(b) = -3*b + 8. Determine i(g).
-16
Let f(v) be the second derivative of 2*v**3/3 + 3*v**2/2 + 77*v. What is f(-2)?
-5
Let l(k) = -4*k**2 - 4*k + 5. Suppose 0 = 5*h + 4*n - 3, 4*h = 3*n + 10 + 11. Let a(g) = -3*g**2 - 4*g + 4. Let f(w) = h*a(w) - 2*l(w). Give f(-4).
2
Suppose 0 = -40*m + 45*m + 20. Let o(